{"id":396,"date":"2025-06-02T18:47:50","date_gmt":"2025-06-02T17:47:50","guid":{"rendered":"https:\/\/sundbyvaenge.dk\/?page_id=396"},"modified":"2026-04-30T19:03:18","modified_gmt":"2026-04-30T18:03:18","slug":"referater-fra-bestyrelsesmoeder","status":"publish","type":"page","link":"https:\/\/sundbyvaenge.dk\/?page_id=396","title":{"rendered":"Referater fra bestyrelsesm\u00f8der"},"content":{"rendered":"\n<p><a href=\"https:\/\/sundbyvaenge.dk\/wp-content\/uploads\/2026\/04\/Bestyrelsesmoede-den-15.-april-2026-2.docx\">Referat fra bestyrelsesm\u00f8de den 15. april 2026<\/a><\/p>\n\n\n\n<p><a href=\"https:\/\/sundbyvaenge.dk\/wp-content\/uploads\/2026\/03\/Referat-bestyrelsesmoede-16.-marts-26.pdf\">Referat fra konstituerende bestyrelsesm\u00f8de den 16. marts 2026<\/a><\/p>\n\n\n\n<p><a href=\"https:\/\/sundbyvaenge.dk\/wp-content\/uploads\/2025\/07\/Referat-bestyrelsesmoede-den-1.-juli-2025.docx\" data-type=\"attachment\" data-id=\"419\">Referat fra bestyrelsesm\u00f8de den 1. juli 2025<\/a><\/p>\n\n\n\n<p><a href=\"https:\/\/sundbyvaenge.dk\/wp-content\/uploads\/2025\/07\/Referat-Bestyrelsesmoede-den-3.-juni-2025.docx\" data-type=\"attachment\" data-id=\"414\">Referat fra bestyrelsesm\u00f8de den 3. juni 2025<\/a><\/p>\n\n\n\n<p><a href=\"https:\/\/sundbyvaenge.dk\/wp-content\/uploads\/2025\/06\/Bestyrelsesmoede-28.-april-referat.pdf\" data-type=\"attachment\" data-id=\"400\">Referat fra bestyrelsesm\u00f8de den 28. april 2025<\/a><\/p>\n\n\n\n<p><a href=\"https:\/\/sundbyvaenge.dk\/wp-content\/uploads\/2025\/06\/Bestyrelsesmoede-31_3-25-1.pdf\" data-type=\"attachment\" data-id=\"399\">Referat fra bestyrelsesm\u00f8de den 31. marts 2025<\/a><\/p>\n\n\n\n<p><a href=\"https:\/\/sundbyvaenge.dk\/wp-content\/uploads\/2025\/03\/Bestyrelsesmoede_24_2_2025.pdf\" data-type=\"attachment\" data-id=\"370\">Bestyrelsesm\u00f8de 24.februar 2025<\/a><\/p>\n\n\n\n<p><a href=\"https:\/\/sundbyvaenge.dk\/wp-content\/uploads\/2025\/06\/Bestyrelsesmoede-31_3-25-1.pdf\" data-type=\"attachment\" data-id=\"399\">Referat fra bestyrelsesm\u00f8de den 15. april 2024<\/a><\/p>\n","protected":false},"excerpt":{"rendered":"<p>Referat fra bestyrelsesm\u00f8de den 15. april 2026 Referat fra konstituerende bestyrelsesm\u00f8de den 16. marts 2026 Referat fra bestyrelsesm\u00f8de den 1. juli 2025 Referat fra bestyrelsesm\u00f8de den 3. juni 2025 Referat fra bestyrelsesm\u00f8de den 28. april 2025 Referat fra bestyrelsesm\u00f8de den &hellip; <a href=\"https:\/\/sundbyvaenge.dk\/?page_id=396\">L\u00e6s resten <span class=\"meta-nav\">&rarr;<\/span><\/a><\/p>\n","protected":false},"author":1,"featured_media":0,"parent":0,"menu_order":0,"comment_status":"closed","ping_status":"closed","template":"","meta":{"footnotes":""},"class_list":["post-396","page","type-page","status-publish","hentry"],"_links":{"self":[{"href":"https:\/\/sundbyvaenge.dk\/index.php?rest_route=\/wp\/v2\/pages\/396","targetHints":{"allow":["GET"]}}],"collection":[{"href":"https:\/\/sundbyvaenge.dk\/index.php?rest_route=\/wp\/v2\/pages"}],"about":[{"href":"https:\/\/sundbyvaenge.dk\/index.php?rest_route=\/wp\/v2\/types\/page"}],"author":[{"embeddable":true,"href":"https:\/\/sundbyvaenge.dk\/index.php?rest_route=\/wp\/v2\/users\/1"}],"replies":[{"embeddable":true,"href":"https:\/\/sundbyvaenge.dk\/index.php?rest_route=%2Fwp%2Fv2%2Fcomments&post=396"}],"version-history":[{"count":13,"href":"https:\/\/sundbyvaenge.dk\/index.php?rest_route=\/wp\/v2\/pages\/396\/revisions"}],"predecessor-version":[{"id":457,"href":"https:\/\/sundbyvaenge.dk\/index.php?rest_route=\/wp\/v2\/pages\/396\/revisions\/457"}],"wp:attachment":[{"href":"https:\/\/sundbyvaenge.dk\/index.php?rest_route=%2Fwp%2Fv2%2Fmedia&parent=396"}],"curies":[{"name":"wp","href":"https:\/\/api.w.org\/{rel}","templated":true}]}}