{"id":13,"date":"2020-02-06T21:00:34","date_gmt":"2020-02-06T20:00:34","guid":{"rendered":"http:\/\/sundbyvaenge.dk\/?page_id=13"},"modified":"2026-04-16T14:18:36","modified_gmt":"2026-04-16T13:18:36","slug":"telt-og-trailer","status":"publish","type":"page","link":"https:\/\/sundbyvaenge.dk\/?page_id=13","title":{"rendered":"Telt og trailer"},"content":{"rendered":"\n<p>G\/F Sundby V\u00e6nge r\u00e5der over tre festtelte og en trailer, som foreningens medlemmer kan leje.<br><br><strong>Leje af festtelt, stole og borde<\/strong><br>Foreningen r\u00e5der over tre festtelte p\u00e5 hhv. 8\u00d75 m, 8\u00d74 m og 9\u00d73 m, samt 2 borde p\u00e5 ca 2,5 m, 2 borde p\u00e5 1,9 m og ca. 50 havestole med hynder.<br>Vil du gerne leje et telt s\u00e5 kontakt teltudvalget, som p.t. best\u00e5r af S\u00f8ren Borg, Vogtervej 17 og Rasmus Nielsen, Vogtervej 14, som st\u00e5r for udlevering og modtagelse af teltene og ogs\u00e5 kan hj\u00e6lpe med at s\u00e6tte dem op og tage dem ned igen efter n\u00e6rmere aftale.<\/p>\n\n\n\n<p>Er teltet ledigt?<br>Kontakt \u00e9n af personerne fra teltlauget.<\/p>\n\n\n\n<p>Pris:<br>Telt: 100 kr. pr. stk.<br>Stole+borde: gratis<\/p>\n\n\n\n<p>Kontaktinfo:<br>S\u00f8ren Borg, Vogtervej 17, tlf: 28102930<br>Rasmus Nielsen, Vogtervej 14.<\/p>\n\n\n\n<p><strong>Trailer-leje<\/strong><br>Reserver f\u00f8rst traileren &#8211; helst mindst <strong>2 dage i forvejen<\/strong>.<br>Hvis du \u00f8nsker at reservere traileren, skal du skrive en sms til Lars Emil Hansen, F\u00e6lledfold 9, p\u00e5 tlf. 20634696.<br>Inden for 24 timer, vil du modtage svar p\u00e5, om traileren er ledig p\u00e5 den \u00f8nskede dag.<br>Hvis Lars ikke er at tr\u00e6ffe, s\u00e5 kontakt Kenneth Ellinghart, F\u00e6lledfold 19 p\u00e5 tlf. 51928087<strong>.<\/strong><\/p>\n\n\n\n<p><strong>Pris<\/strong><br>Traileren koster 50 kr. i leje om dagen og skal afleveres rengjort og i mindst lige s\u00e5 god stand som ved udleveringen.<br>Hvis der konstateres fejl eller mangler ved traileren, bedes dette meddelt ved tilbageleveringen.<\/p>\n\n\n\n<p>Trailerens maksimale totalv\u00e6gt: 1.000 kg. (325 kg. egenv\u00e6gt og 675 kg. last).\u00a0<\/p>\n\n\n\n<p>Traileren m\u00e5 ikke benyttes til erhverv, kun til private g\u00f8rem\u00e5l.<\/p>\n\n\n\n<p><\/p>\n","protected":false},"excerpt":{"rendered":"<p>G\/F Sundby V\u00e6nge r\u00e5der over tre festtelte og en trailer, som foreningens medlemmer kan leje. Leje af festtelt, stole og bordeForeningen r\u00e5der over tre festtelte p\u00e5 hhv. 8\u00d75 m, 8\u00d74 m og 9\u00d73 m, samt 2 borde p\u00e5 ca 2,5 &hellip; <a href=\"https:\/\/sundbyvaenge.dk\/?page_id=13\">L\u00e6s resten <span class=\"meta-nav\">&rarr;<\/span><\/a><\/p>\n","protected":false},"author":1,"featured_media":0,"parent":0,"menu_order":0,"comment_status":"closed","ping_status":"closed","template":"","meta":{"footnotes":""},"class_list":["post-13","page","type-page","status-publish","hentry"],"_links":{"self":[{"href":"https:\/\/sundbyvaenge.dk\/index.php?rest_route=\/wp\/v2\/pages\/13","targetHints":{"allow":["GET"]}}],"collection":[{"href":"https:\/\/sundbyvaenge.dk\/index.php?rest_route=\/wp\/v2\/pages"}],"about":[{"href":"https:\/\/sundbyvaenge.dk\/index.php?rest_route=\/wp\/v2\/types\/page"}],"author":[{"embeddable":true,"href":"https:\/\/sundbyvaenge.dk\/index.php?rest_route=\/wp\/v2\/users\/1"}],"replies":[{"embeddable":true,"href":"https:\/\/sundbyvaenge.dk\/index.php?rest_route=%2Fwp%2Fv2%2Fcomments&post=13"}],"version-history":[{"count":11,"href":"https:\/\/sundbyvaenge.dk\/index.php?rest_route=\/wp\/v2\/pages\/13\/revisions"}],"predecessor-version":[{"id":443,"href":"https:\/\/sundbyvaenge.dk\/index.php?rest_route=\/wp\/v2\/pages\/13\/revisions\/443"}],"wp:attachment":[{"href":"https:\/\/sundbyvaenge.dk\/index.php?rest_route=%2Fwp%2Fv2%2Fmedia&parent=13"}],"curies":[{"name":"wp","href":"https:\/\/api.w.org\/{rel}","templated":true}]}}